 prime factors of n(d).
29
Suppose 3*j - 6 = -4*z, 11 = -5*z + 4*j + 34. Let l = z + 8. What are the prime factors of l?
11
Let x be -3 - -1 - (-4 + 4). List the prime factors of 36 + 0/(x + 6).
2, 3
Suppose -4*z = 43 + 25. Let h = z + 24. Suppose -20 = -p - h. List the prime factors of p.
13
Let j = -22 + 10. Let r = j + 17. List the prime factors of r.
5
Suppose -3*t + 18 = 3*d, -t - 36 = -2*t + 5*d. Let w(k) = t*k - 2 + 4 - 3. List the prime factors of w(1).
2, 5
Suppose 2*c = 3*c + 2. Let z = -21 + 15. Let t = c - z. What are the prime factors of t?
2
Suppose 4*u + 0*u - 5*i = 0, -4*i = -u. Suppose u = -m - 4*z - 0*z + 7, 3*z = 0. List the prime factors of m.
7
Let k = 15 - 6. Suppose k*n - a - 164 = 4*n, -2*n - 3*a + 52 = 0. Let q = -18 + n. What are the prime factors of q?
2, 7
Let b(k) = 7*k. Let d be b(-1). Let r = d - -5. What are the prime factors of (7 - 2)/((-2)/r)?
5
Let m be ((-12)/18)/(4/30). Let o = 12 - m. What are the prime factors of o?
17
Suppose 0 = -2*o, -4*o - 4 = 2*w - 72. Suppose 2*p + 2*a + w = 82, -120 = -5*p + 3*a. List the prime factors of p.
2, 3
Let r(u) = u**2 - 2*u - 15. List the prime factors of r(7).
2, 5
Let j(k) = -k**3 + 13*k**2 + 15*k + 17. List the prime factors of j(13).
2, 53
Suppose -184 + 4 = -3*w. Suppose -z - 4*z = -w. What are the prime factors of z?
2, 3
Let u = 30 - 21. What are the prime factors of u?
3
Let u(m) = 2*m**2 + m. Let b be u(1). Let l = b - -6. List the prime factors of l.
3
Let t(f) = -3*f - 2. Let c be t(-2). Suppose -6 = a - c*a. Suppose 6*x - a*x - 16 = 0. List the prime factors of x.
2
Suppose -3*i + 3*b + 9 + 9 = 0, -4*b - 12 = 0. Let j(y) = -4*y + i - 5 + 5*y. What are the prime factors of j(4)?
2
Suppose -5*b - 183 + 1016 = 3*i, -656 = -4*b - 5*i. List the prime factors of b.
13
Let b = 14 + -23. List the prime factors of ((-3)/(-5))/(b/(-135)).
3
Let u be (26 - 2) + (-1 - 1). Let w = u + -3. List the prime factors of w.
19
Let x(k) = k**3 + 6*k**2 - 2*k - 8. Let z be x(-6). Let u be (z/(-5))/((-2)/5). Suppose -u*d + 3 + 5 = 0. List the prime factors of d.
2
Let r(x) = 2*x**2 - x + 1. Let u be r(1). Suppose 108 = -u*f + 6*f. List the prime factors of f.
3
Let n(v) = 3*v + 11. Let u(z) = -16*z - 55. Suppose 0 = -2*s - 3*q + 28, 4*s = -5*q - 5 + 59. Let c(m) = s*n(m) + 2*u(m). What are the prime factors of c(-8)?
3
Let c(a) = 14*a**2 + 5*a - 2. List the prime factors of c(3).
139
Suppose 2*x + 5 = 7*x. Suppose 2*t = -3 - x. What are the prime factors of -1*((-24)/t)/(-2)?
2, 3
Suppose 5*l - 3*b - 2 = -21, 3*b = -5*l - 1. List the prime factors of (-1 - 0)/l*6.
3
Let o(t) be the second derivative of -t**3/6 - 11*t**2/2 - t. Let p be o(-9). What are the prime factors of (-8 - p)/(2/(-4))?
2, 3
Let r be -6*(4 - 3/6). Let s = 2 - 6. Let x = s - r. What are the prime factors of x?
17
Suppose -4*q = 4*k - 377 - 615, 3*q = -15. List the prime factors of k.
11, 23
Let x = 29 + -17. Suppose 5*g + 8 + 15 = -4*p, -3*p = 2*g + x. List the prime factors of 3/(1*g) + 13.
2, 3
Let j(z) = -z**3 - 11*z**2 - 10*z + 4. Let i be j(-10). Suppose -5*d + 3*y + 29 = 0, 5*d + 1 = -i*y + 9. List the prime factors of d.
2
Let y(x) = x**3 - 6*x**2 + 3*x + 6. Let p be y(6). Suppose t + p = -3*t. Let q(u) = -u - 3. List the prime factors of q(t).
3
Suppose 5*i - 7*i + 14 = 0. Let c = -51 - -48. Let p = i + c. List the prime factors of p.
2
Let j be -3*(-2)/(-9)*3. Let m = 7 + j. Suppose -4*l = -3*n - 33, m*n - 17 - 8 = 0. List the prime factors of l.
2, 3
Let h(y) = 2*y**2 + 10*y + 10. List the prime factors of h(-7).
2, 19
Let l(z) = -z**3 - 6*z**2 + 1. Let r be l(-6). Let f(q) = -r + 2 - 2 + q. What are the prime factors of f(3)?
2
Suppose 4*i = -20, -4*n + 4*i + 0*i + 200 = 0. List the prime factors of n.
3, 5
Suppose -5 = -2*p + 1. Suppose p*f = -13 - 5. What are the prime factors of (f/(-2) - 3) + 19?
19
Suppose -d = 2*d - 5*k - 2, -5*k - 20 = 0. Let h be (-2)/d*(8 + 16). Let v(t) = t**2 - 6*t - 10. What are the prime factors of v(h)?
2, 3
Let f(n) = 1 - 2*n + 2*n + 4*n. Let g be f(-5). Let a = -12 - g. What are the prime factors of a?
7
Suppose -4*o + 100 = -0*o. List the prime factors of o.
5
Let r be (28/(-10))/(3/15). Let w = r + 27. List the prime factors of w.
13
Let v = -1 - -4. Suppose -24 = -v*j + 7*k - 3*k, 15 = -5*k. Suppose 52 = 5*o + j*a, 4*o + 5*a - 24 = 14. List the prime factors of o.
2, 3
Let m be -9 + (-4 - (-1 + -1)). Let q = m + 23. What are the prime factors of q?
2, 3
Let b(x) = -x + 5. Let i be b(0). Suppose i*q = -p + 27, -2*q + 7 + 1 = -p. List the prime factors of p.
2
Let v(x) = x**2 - 8*x - 5. Let d be v(9). Suppose r = d*r - 42. List the prime factors of r.
2, 7
Let x(o) be the first derivative of -o**3/3 + 4*o**2 + 2*o - 2. List the prime factors of x(6).
2, 7
Let q = -13 + 28. Suppose 100 = 5*j + q. List the prime factors of j.
17
Let b(q) = -q**2 - 5*q + 5. Let c be b(-5). Suppose 0 = 2*x - c*x + 9. Suppose x*p = -2 + 8. List the prime factors of p.
2
Suppose 11*s = 12*s - 72. Suppose -j - s = -5*j. What are the prime factors of j?
2, 3
Let z = 8 + -5. Let d = z + 5. List the prime factors of d.
2
Let k = 149 - 104. What are the prime factors of k?
3, 5
Let x(r) = r**2 - 3*r - 4. Let w be x(4). Let b = 0 - w. Suppose 0 = -5*g, b*u - 12 = -u - 4*g. What are the prime factors of u?
2, 3
Suppose -3*g - 65 = 2*z - 173, 3*z = -3*g + 162. What are the prime factors of z?
2, 3
Suppose 11 = 2*d + 3. List the prime factors of d/(-6)*(-57)/2.
19
Let a = 28 - 6. Suppose 0 = -3*z - k + a, 3 + 8 = 4*z + 5*k. List the prime factors of z.
3
Let f(z) be the third derivative of z**6/120 - z**4/24 - 2*z**2. Let n be f(1). Suppose -5*u + 3*a + 22 = n, 4*a = -0*u - u - 14. List the prime factors of u.
2
Suppose 0 = -11*l + 6*l + 15. List the prime factors of l.
3
Let r(h) = -14*h - 5. What are the prime factors of r(-2)?
23
Suppose 2*m = 7 + 1. Suppose -2*w - 26 + 86 = 0. Suppose m*t = t + w. List the prime factors of t.
2, 5
Let w = 69 + -43. What are the prime factors of w?
2, 13
Let z(n) be the first derivative of 7*n**2 + n - 3. What are the prime factors of z(1)?
3, 5
Let p(t) = -16*t + 2. List the prime factors of p(-4).
2, 3, 11
What are the prime factors of 2/18*362 - (-58)/(-261)?
2, 5
Let j(w) = 5*w**2 - 9*w + 14. List the prime factors of j(6).
2, 5, 7
Suppose 2*z + 116 = 6*z. What are the prime factors of z?
29
Let x be ((-2)/2)/(1/(-17)). Suppose -v + 4*v - x = -c, 4*c - v = 16. Suppose -2*l + c = -13. List the prime factors of l.
3
Suppose 0 = 2*w - 5*d - 37, -2*w + d = -49 - 0. What are the prime factors of w?
2, 13
Let r = 0 - -1. Let d = r + 8. List the prime factors of d.
3
Let c = 117 + -64. List the prime factors of c.
53
Let u(h) = -h**3 + 7*h**2 - 4*h + 2. Suppose 0 = -0*m + m - 3. Suppose m*a = 5*i - 15, -3*a = 3*i + 17 - 50. What are the prime factors of u(i)?
2, 7
Suppose 110 = -4*k + 2*n, 5*n = -4*k - 59 - 30. What are the prime factors of 22/(-143) - 1174/k?
3, 5
Suppose 2*h + 38 = p, 3*p - h - h - 122 = 0. What are the prime factors of p?
2, 3, 7
Let f(n) be the first derivative of n**2/2 - n - 2. Let m be f(-9). List the prime factors of (16/10)/(m/(-25)).
2
List the prime factors of 21/(-14)*30/(-9).
5
Suppose 0 = -4*p - p + 1000. List the prime factors of (-12)/10*p/(-12).
2, 5
Let m(s) = 3*s**2 + 2*s + 8. Let k be m(4). Suppose 0 = 8*u - 10*u + k. What are the prime factors of u?
2
Suppose 562 = 4*y - m, 3*y - 426 = 7*m - 4*m. List the prime factors of y.
2, 5, 7
Suppose a + 2 = -1. Let l(d) = d**2 + 2. Let o be l(a). Suppose 1 = u - o. What are the prime factors of u?
2, 3
Suppose -59*f - 1024 = -63*f. What are the prime factors of f?
2
List the prime factors of 1*(61 + (-4)/1).
3, 19
Suppose 0*l - 4 = l - m, 2*l + 9 = m. Let z(u) = -u - 1. Let j be z(l). Suppose 0*d + 2*d = -2*w - 2, j*w + 32 = 3*d. List the prime factors of d.
2
Suppose 1 = z + 2*q - 5*q, -5*z - 28 = -4*q. List the prime factors of (6/z)/(3/(-108)).
3
Let q = -38 - -64. What are the prime factors of q?
2, 13
What are the prime factors of (-108)/21*(-28)/6?
2, 3
Let y(k) = -k - 3. Let i be y(-6). Let w(f) = f. Let l(n) = -n**3 + 5*n**2 + n + 4. Let a(m) = l(m) - 5*w(m). List the prime factors of a(i).
2, 5
Let x = -26 + 12. List the prime factors of (-7)/(x/20) + 1.
11
Let o = 57 - 33